 6, u = b*w - 24. What is the tens digit of 130/w + 9/18?
3
Let m(c) = -2*c + 5. Let y(d) = -d - 1. Let r(u) = m(u) - 3*y(u). Let b be r(6). Let n = b + -5. What is the units digit of n?
9
Let p(g) = -2 + 6 + 17*g**3 - 16*g**3. Let b be p(0). Suppose y + 5*u = 24, 0 = -4*y + 2*u - b*u + 78. What is the tens digit of y?
1
Let g = 2 + 6. Suppose g = -5*m + m. What is the units digit of (32/10)/(m/(-15))?
4
Let n = 5 + 0. Suppose 0 = 2*x - n*o - 143, 6*x - 3*x - o = 208. What is the tens digit of x?
6
Let b(h) = 23*h - 33 + 13 + 14*h + 16. What is the units digit of b(2)?
0
Suppose 5*s = 120*u - 121*u + 1351, -1353 = -5*s - 3*u. What is the units digit of s?
0
Let c(g) = g + 1. Let x be c(11). What is the tens digit of 799/9 - x/(-54)?
8
Let n(a) = -2*a + 15. Let w be n(5). Suppose -3*d - 5*c + 192 = 0, w*d - 256 = d - c. What is the tens digit of d?
6
Let h = -68 - -73. Suppose -48 = 7*d - 9*d + 5*p, -d - h*p = -9. What is the units digit of d?
9
Let x = -193 + 2270. What is the thousands digit of x?
2
Let h(y) = 1047*y + 39. What is the hundreds digit of h(2)?
1
Suppose -43956 = -15*t - 18*t. What is the units digit of t?
2
What is the tens digit of (-1 - 0) + (-66)/11 + 153?
4
Let q = -75 - -149. Suppose 4*j - q + 22 = 0. What is the tens digit of j/(26/84) - -3?
4
Let z(b) = b**3 - 6*b**2 - 7*b - 7. Suppose -2*g = -4*g, -2*g = k - 8. What is the units digit of z(k)?
5
Suppose -26*j + 136752 = 22*j. What is the thousands digit of j?
2
Suppose 7*s - 2*s = 135. Let z = s + -23. Suppose -172 = -z*f + 4*b, 5*f + 2*b + 6 = 186. What is the units digit of f?
8
What is the units digit of 297 - (1 - ((-4 - -4) + -2))?
4
Let a(s) = -4*s**2 + 21*s + 2. Let p(y) = 7*y**2 - 41*y - 5. Let h(r) = -5*a(r) - 3*p(r). Let j be h(5). Let g = j + -21. What is the units digit of g?
9
Let d = -183 - -217. What is the tens digit of d?
3
Suppose 3*h - 63 = -4*o, o = 2*o + 4*h - 19. Let g = -8 + o. Suppose 128 = -3*a + g*a. What is the units digit of a?
2
Suppose -b - 70 = b. Let d = b - -66. Let x = d + -8. What is the units digit of x?
3
Suppose 5*u - 114 = 216. Suppose -5*j = 10, 5*j - u = -4*h - 0*j. What is the tens digit of h?
1
Suppose 0 = 16*q - 17*q + 2. Let d(h) = 2*h**2 + 7*h - 8. Let n be d(-6). Suppose -2*k - m = -4*k + n, q*m = -4*k + 36. What is the units digit of k?
0
Let s = 114 - 55. Let y = s - 35. What is the units digit of y?
4
Suppose 0 = -81*g + 26*g + 82995. What is the units digit of g?
9
Let x(k) = k**2 - 47*k + 47*k. Let v be x(2). Suppose v*r = 17 + 111. What is the units digit of r?
2
Let m(i) be the second derivative of i**5/20 + 5*i**4/6 - 5*i**3/3 + 13*i**2/2 + 6*i. Let z be m(-11). Suppose z*k - 20 = 2. What is the tens digit of k?
1
Let g = 290 + -54. Suppose -24*q = -26*q + g. What is the units digit of q?
8
Let q(v) = 20*v - 8. Suppose 0 = -6*m - 5*m + 88. What is the units digit of q(m)?
2
Suppose -6*r = -11*r + 95. What is the tens digit of ((-2)/2 - -4) + 5*r?
9
Suppose 4*l - l = 27. Let n = l + -7. Suppose 5*m + 94 = 5*g - 131, 0 = -g - n*m + 39. What is the tens digit of g?
4
Let f(v) = v**2 - 6*v - 3. Let i be f(-7). Let z be i + (-2 - (-2 + -2)). Suppose z = p + p - 4*l, -4*p - 5*l = -180. What is the tens digit of p?
4
Suppose 144*k + 4194 = 153*k. What is the units digit of k?
6
Let q(g) = -g**3 + g**2 + g - 7. Let v be q(-3). Let p = v - 3. What is the tens digit of p?
2
Let c be 2*(-1)/(-1) - 3. Let m be 4*c*3/(-4). Suppose 34 = m*o + 4*y, 4*o - 75 + 13 = 3*y. What is the units digit of o?
4
Suppose 3*j - 2*j = 4. Let h(y) = -11*y + 20. Let v(o) = -5*o + 10. Let n(s) = -4*h(s) + 7*v(s). What is the tens digit of n(j)?
2
Let n(k) = -2*k**2 + 3*k - 19. Let a(m) = m**2 - 2*m + 9. Let c(j) = 7*a(j) + 3*n(j). Let y be c(3). Suppose -2*p + 26 + 84 = y. What is the units digit of p?
5
Let l(c) = 25*c**3 - 12*c**2 - 4*c - 10. What is the tens digit of l(5)?
9
Suppose 3*q - 207 = 6*q. Let m = q - -120. What is the tens digit of m?
5
Let z = -1265 - -2083. What is the units digit of z?
8
Let n(t) = t**3 + t - 10. Let x be (-26)/(-39) + (-2)/3. Let b be n(x). What is the units digit of 1*(-1 - 2 - b)?
7
Suppose 2*w - 2 - 4 = 0. Suppose -4*v = 2*o + 486, o - 2*v + 243 = -w*v. What is the units digit of -4*(o/12)/9?
9
Suppose 5*z + 1815 = 5*j, 0 = 4*z + 16 - 8. What is the units digit of j?
1
Let y(n) = 2*n**2 - 8*n - 1. Let w(i) = -i**3 - 6*i**2 - 4*i - 6. Let l be w(-6). Let v = l + -12. What is the units digit of y(v)?
3
What is the units digit of (-1)/((-5)/2835) + -3?
4
Suppose -275*m = -269*m - 4752. What is the hundreds digit of m?
7
Suppose 4*q - 9527 = -5*t - 0*q, 5*q + 10 = 0. What is the hundreds digit of t?
9
Let a = 1 + -16. Let y = a - -19. Suppose -y*m - 4 + 16 = 0. What is the units digit of m?
3
Let g = -95 + 91. What is the tens digit of 540/8 + (-2)/g?
6
Let f be 40/12*3/2. Suppose 4*k + 34 = m, -m - 88 = -f*m + 4*k. Suppose 4*y - m - 10 = 3*w, 4*w = -16. What is the units digit of y?
4
Suppose l = -4*l. Suppose l = -3*k - 0*k + 81. Suppose 5*v + m = 2*m + k, -m = v - 9. What is the units digit of v?
6
Let y be ((-6)/4)/(3/16). Let k = 10 + y. Suppose -q - 4*f - 25 + 8 = 0, -k*q - 3*f - 9 = 0. What is the units digit of q?
3
Let b be 46/6 - (-28)/21. Let r = b - 11. What is the units digit of r/3 - 1740/(-45)?
8
Let x be (8 + -4 + -4)/(-1). Suppose -17 = -3*z + 5*n, x = 2*z - z - 5*n + 11. What is the units digit of z?
4
Let s(b) = -b**2 + 2*b + 7. Let l be s(7). Let d be l/(-70) + 17/(-5). What is the tens digit of -70*5/15*d?
7
Suppose -2*q + 4*q + 5*b = -11, -7 = 4*q + 5*b. Suppose -3*l + q*l + 4*p = -148, -l + 140 = 4*p. What is the units digit of l?
4
Let l be 2 + 1 - 66/3. Let j = -17 - l. Suppose -24 = -2*n + j. What is the units digit of n?
3
Let j(w) be the first derivative of w**3 - 5*w**2 + 6*w - 5. What is the tens digit of j(8)?
1
Suppose 0 = 3*v + 3, -10903 = -3*o - 4*v - 2333. What is the thousands digit of o?
2
Let i = -79 + 505. What is the hundreds digit of i?
4
Let p = 1 - -1. Let s(x) = 1 + x - 3*x + 243*x**2 - 185*x**p. What is the units digit of s(1)?
7
Suppose 5*m - 7 = 28. Suppose m*f - 12 - 9 = 0. Let l(h) = 7*h**2 - 4*h + 1. What is the units digit of l(f)?
2
Let u = -8 + 22. Let t = u - 33. Let k = t + 47. What is the units digit of k?
8
Suppose -11627 = -9*m + 5*m + 5*a, -3*a - 20353 = -7*m. What is the hundreds digit of m?
9
Suppose 25 = -3*z + 2*h - 3, 0 = 2*h + 2. What is the units digit of ((-10)/4)/(5/z)?
5
Let v be (-3 - 9/(-12))/(3/(-8)). Let y(p) = -p**2 + 13*p - 15. What is the units digit of y(v)?
7
Suppose -6*x - 2014 = -7672. What is the units digit of x?
3
Let f(j) = -j**2 + 4*j + 12. Let t be f(5). Suppose t*d = 2*d + 1265. What is the tens digit of d?
5
Let l = 87 + -35. Let y = -18 + l. What is the units digit of y?
4
Let j = 13 + -2. Let s = -20 + 20. Suppose -5*u + k + 10 = s, -2*u + 2*k + j = 3*k. What is the units digit of u?
3
Let m = -69 + 148. Suppose -s - r - 51 = -4*s, 4*s - 5*r - m = 0. Let t = -5 + s. What is the units digit of t?
1
Suppose -1210 - 3612 = -3*h - g, -4*h - 3*g + 6436 = 0. What is the thousands digit of h?
1
Suppose 53 + 49 = -4*d + z, 0 = 3*z - 6. Let k = 44 + d. What is the tens digit of k?
1
Let k = -5 + 367. Let l = -258 + k. What is the tens digit of l?
0
Let f = -382 - -703. Suppose -5*z + 2*r + f = 0, -3*z = r - 84 - 113. What is the tens digit of z?
6
Let x(y) be the first derivative of 32*y**3/3 - 4*y**2 - 13*y - 12. What is the tens digit of x(-3)?
9
Suppose -5*h = -7*h + 246. What is the units digit of 1/4 + h/4?
1
Suppose -5*j + b + 329 = 0, 337 = 5*j - b - 2*b. Let q = j - 14. Let v = q - 27. What is the units digit of v?
4
Suppose t = 4*v - 4*t - 195, 2*v = -2*t + 120. Let s be ((-56)/16)/(1/(-2)). Let f = v - s. What is the units digit of f?
8
Suppose 4*w - 16 = -0. Suppose 3*d - 175 = -4*v, -d = w*v - 3*v - 59. What is the tens digit of d?
6
Suppose 3*d + 4*i = -26, d + 5*i + 29 = -d. Let g = d - -2. Suppose 5*l - 229 = -4*x, -l = -g*x - x + 46. What is the tens digit of x?
5
Let u = -76 + 55. Suppose 5*d + 2 - 10 = -2*f, -2*d = -3*f - 7. What is the units digit of u*((-8)/(-12) + f)?
7
Suppose -267*n = -263*n - 7640. What is the tens digit of n?
1
Suppose 17*s + 11451 = 2271. Let h be ((-20)/25)/((-2)/5). What is the tens dig